
18
What is the remainder when 6045 is divided by 252?
249
Calculate the remainder when 1060 is divided by 265.
0
What is the remainder when 245 is divided by 13?
11
What is the remainder when 1080 is divided by 57?
54
Calculate the remainder when 3379 is divided by 4.
3
What is the remainder when 4046 is divided by 176?
174
Calculate the remainder when 1501 is divided by 43.
39
Calculate the remainder when 8711 is divided by 105.
101
What is the remainder when 2595 is divided by 136?
11
What is the remainder when 902 is divided by 233?
203
What is the remainder when 151 is divided by 35?
11
Calculate the remainder when 213 is divided by 58.
39
What is the remainder when 189 is divided by 24?
21
What is the remainder when 186 is divided by 8?
2
What is the remainder when 4444 is divided by 736?
28
What is the remainder when 276 is divided by 31?
28
What is the remainder when 414 is divided by 152?
110
Calculate the remainder when 106 is divided by 28.
22
Calculate the remainder when 33 is divided by 19.
14
Calculate the remainder when 531 is divided by 91.
76
Calculate the remainder when 52 is divided by 8.
4
What is the remainder when 439 is divided by 139?
22
What is the remainder when 2727 is divided by 182?
179
Calculate the remainder when 331 is divided by 3.
1
What is the remainder when 593 is divided by 54?
53
What is the remainder when 244 is divided by 19?
16
What is the remainder when 1578 is divided by 158?
156
Calculate the remainder when 54 is divided by 13.
2
Calculate the remainder when 232 is divided by 84.
64
Calculate the remainder when 439 is divided by 55.
54
What is the remainder when 7343 is divided by 54?
53
Calculate the remainder when 46 is divided by 31.
15
Calculate the remainder when 443 is divided by 143.
14
Calculate the remainder when 622 is divided by 48.
46
What is the remainder when 115 is divided by 24?
19
What is the remainder when 139 is divided by 20?
19
Calculate the remainder when 3601 is divided by 1197.
10
What is the remainder when 388 is divided by 10?
8
Calculate the remainder when 24 is divided by 5.
4
What is the remainder when 779 is divided by 45?
14
Calculate the remainder when 924 is divided by 16.
12
What is the remainder when 834 is divided by 31?
28
What is the remainder when 508 is divided by 39?
1
What is the remainder when 2387 is divided by 595?
7
Calculate the remainder when 79 is divided by 3.
1
Calculate the remainder when 423 is divided by 115.
78
What is the remainder when 479 is divided by 21?
17
What is the remainder when 81 is divided by 12?
9
What is the remainder when 286 is divided by 42?
34
Calculate the remainder when 57 is divided by 38.
19
What is the remainder when 336 is divided by 158?
20
What is the remainder when 1857 is divided by 15?
12
What is the remainder when 303 is divided by 18?
15
Calculate the remainder when 143 is divided by 34.
7
What is the remainder when 3751 is divided by 134?
133
What is the remainder when 100 is divided by 17?
15
What is the remainder when 194 is divided by 24?
2
What is the remainder when 380 is divided by 78?
68
What is the remainder when 2050 is divided by 114?
112
Calculate the remainder when 240 is divided by 22.
20
What is the remainder when 100 is divided by 7?
2
What is the remainder when 3538 is divided by 15?
13
Calculate the remainder when 276 is divided by 56.
52
Calculate the remainder when 152 is divided by 82.
70
What is the remainder when 1293 is divided by 27?
24
Calculate the remainder when 17 is divided by 13.
4
What is the remainder when 16314 is divided by 48?
42
Calculate the remainder when 470 is divided by 82.
60
Calculate the remainder when 489 is divided by 82.
79
Calculate the remainder when 7820 is divided by 211.
13
Calculate the remainder when 213 is divided by 67.
12
Calculate the remainder when 1268 is divided by 10.
8
Calculate the remainder when 2231 is divided by 9.
8
What is the remainder when 87 is divided by 47?
40
What is the remainder when 473 is divided by 13?
5
What is the remainder when 655 is divided by 157?
27
Calculate the remainder when 120 is divided by 60.
0
Calculate the remainder when 85 is divided by 54.
31
What is the remainder when 3669 is divided by 36?
33
What is the remainder when 41 is divided by 13?
2
Calculate the remainder when 786 is divided by 18.
12
Calculate the remainder when 512 is divided by 25.
12
What is the remainder when 351 is divided by 62?
41
What is the remainder when 3013 is divided by 13?
10
Calculate the remainder when 95 is divided by 24.
23
What is the remainder when 2231 is divided by 18?
17
What is the remainder when 156 is divided by 48?
12
Calculate the remainder when 116 is divided by 30.
26
Calculate the remainder when 4086 is divided by 23.
15
Calculate the remainder when 46 is divided by 33.
13
Calculate the remainder when 20386 is divided by 12.
10
What is the remainder when 46 is divided by 24?
22
What is the remainder when 152 is divided by 78?
74
Calculate the remainder when 19 is divided by 3.
1
What is the remainder when 4070 is divided by 26?
14
What is the remainder when 839 is divided by 5?
4
What is the remainder when 776 is divided by 56?
48
Calculate the remainder when 9445 is divided by 35.
30
What is the remainder when 3091 is divided by 3?
1
What is the remainder when 79 is divided by 32?
15
What is the remainder when 259 is divided by 127?
5
What is the remainder when 1066 is divided by 93?
43
Calculate the remainder when 490 is divided by 41.
39
What is the remainder when 955 is divided by 137?
133
Calculate the remainder when 13733 is divided by 17.
14
What is the remainder when 426 is divided by 98?
34
Calculate the remainder when 116 is divided by 20.
16
Calculate the remainder when 9945 is divided by 29.
27
What is the remainder when 626 is divided by 272?
82
Calculate the remainder when 182 is divided by 174.
8
Calculate the remainder when 6151 is divided by 19.
14
What is the remainder when 291 is divided by 275?
16
What is the remainder when 198 is divided by 55?
33
Calculate the remainder when 196 is divided by 6.
4
What is the remainder when 4861 is divided by 187?
186
What is the remainder when 3933 is divided by 1310?
3
Calculate the remainder when 13399 is divided by 9.
7
Calculate the remainder when 246 is divided by 98.
50
What is the remainder when 1079 is divided by 24?
23
What is the remainder when 26 is divided by 16?
10
What is the remainder when 1127 is divided by 11?
5
What is the remainder when 549 is divided by 29?
27
Calculate the remainder when 686 is divided by 74.
20
Calculate the remainder when 298 is divided by 165.
133
What is the remainder when 37 is divided by 20?
17
What is the remainder when 383 is divided by 60?
23
Calculate the remainder when 1195 is divided by 16.
11
Calculate the remainder when 45 is divided by 37.
8
What is the remainder when 128 is divided by 19?
14
What is the remainder when 479 is divided by 23?
19
What is the remainder when 2443 is divided by 810?
13
What is the remainder when 981 is divided by 21?
15
Calculate the remainder when 202 is divided by 195.
7
Calculate the remainder when 47 is divided by 8.
7
What is the remainder when 309 is divided by 75?
9
Calculate the remainder when 141 is divided by 44.
9
Calculate the remainder when 452 is divided by 147.
11
Calculate the remainder when 20061 is divided by 228.
225
What is the remainder when 222 is divided by 9?
6
What is the remainder when 883 is divided by 173?
18
What is the remainder when 69 is divided by 28?
13
What is the remainder when 275 is divided by 6?
5
Calculate the remainder when 237 is divided by 63.
48
Calculate the remainder when 225 is divided by 28.
1
Calculate the remainder when 485 is divided by 24.
5
Calculate the remainder when 156 is divided by 24.
12
What is the remainder when 596 is divided by 75?
71
What is the remainder when 91 is divided by 29?
4
What is the remainder when 197 is divided by 16?
5
Calculate the remainder when 700 is divided by 44.
40
What is the remainder when 306 is divided by 66?
42
What is the remainder when 212 is divided by 28?
16
What is the remainder when 853 is divided by 4?
1
Calculate the remainder when 249 is divided by 107.
35
What is the remainder when 57 i